
20
Let q be 243/18*78/9. What is the highest common factor of 9 and q?
9
Let z be -18*(42/(-8) - (-8)/(-32)). What is the greatest common factor of 11 and z?
11
Suppose s = -4*j + 105, s - 123 = -4*j + 6*s. Suppose -2*z - j = -5*z. Suppose 4*h = h + z. What is the greatest common divisor of 3 and h?
3
Let y = -2 + 14. Let v = -7 + y. Let m be 1/2 - 79/(-2). Calculate the greatest common divisor of v and m.
5
Let q(u) = -u. Let r be q(3). Let n(s) = -s**3 - 2*s**2 - 3*s + 2. Let j be n(r). Let w = j + -3. Calculate the greatest common factor of w and 153.
17
Suppose -15*j + 418 = -13*j. Calculate the highest common factor of j and 19.
19
Let t(r) = r + 9. Let u be t(-5). Suppose 19 = u*b + 7. What is the highest common divisor of b and 9?
3
Let h be (-1)/(1/(6/(-3))). Suppose -29 = -3*l - 5*b, 5*l + h*b - 3*b = 39. Let s(i) = -i**2 + 4. Let j be s(0). Calculate the highest common factor of j and l.
4
Let b(g) = 23*g + 3. Let r be b(8). Suppose -2*v + v + r = 0. Let c = 45 - 28. What is the greatest common divisor of v and c?
17
Let f = -65 + 33. Let m = 60 + f. Suppose 5*u - 58 = 4*d, 3*d - 9 + 56 = 4*u. Calculate the highest common divisor of u and m.
14
Let z(w) = 8*w**2 - 2*w + 7. Let m be z(2). Calculate the highest common factor of 7 and m.
7
Suppose -4*v = 2*s - 54, -s - 4 + 59 = 4*v. Let k(d) = -d**2 - 10*d + 12. Let f be k(-9). What is the highest common factor of v and f?
7
Let b be (-58)/(-8) + 36/48. What is the greatest common divisor of b and 32?
8
Suppose 5 = -4*p + 41. Let x be 4/(16/54)*8. Suppose a = -2*a + x. What is the highest common factor of p and a?
9
Let i = -60 - -102. Calculate the greatest common factor of i and 63.
21
Suppose -2*h + 64 = -0*h. What is the greatest common factor of h and 48?
16
Let t(c) = -c + 10. Let o be t(6). Suppose 11*a - v - 58 = 6*a, -o*a + 58 = 5*v. What is the highest common factor of 96 and a?
12
Let o = 321 - 87. Calculate the greatest common divisor of 26 and o.
26
Suppose -2*z = -7*z + 80. Calculate the highest common divisor of 4 and z.
4
Let w be (-6)/(-9) - (-140)/15. What is the highest common divisor of w and 15?
5
Suppose 3*r + 2*r + 3*j = 135, 106 = 4*r + 2*j. What is the highest common divisor of r and 3?
3
Let s = 229 - 89. Calculate the greatest common factor of s and 56.
28
Let l(j) = -j**2 - j - 1. Let t be l(-1). Let h be (2/(-2))/(t/55). Calculate the greatest common factor of h and 11.
11
Suppose 40*q - 37*q = 6. Suppose -2*s = 3*s - l - 86, -4*s - 2*l = -80. Calculate the highest common factor of s and q.
2
Suppose 1 = -y + 3*d, -y + 21 = 2*y - d. Suppose 3*c + y = c. Let s be (2/4)/(c/(-1408)). What is the highest common divisor of s and 16?
16
Let x be -1*(-3 + (4 - 1)). Suppose -5*y + 5*d + 100 = 0, x*y - 5 = -y + 4*d. Calculate the greatest common factor of y and 250.
25
Let u be -3*(3 - 4) - 2. Calculate the greatest common factor of 3 and u.
1
Let o = 219 - 79. Let w be (-2)/5*o/(-4). Suppose d - w = 16. What is the highest common divisor of 10 and d?
10
Suppose 4*u = 2*g - 538, 2*u = -g + 4*g - 819. What is the greatest common divisor of 25 and g?
25
Let y(r) = -r**2 + 5*r - 4. Let d be y(3). Suppose 5*v + d*p = 30, 0 = -5*v + 5*p - 0*p - 5. Let z = -10 - -14. Calculate the highest common factor of v and z.
4
Suppose -5*g - 2*a = a - 177, -143 = -4*g - a. Calculate the greatest common factor of 16 and g.
4
Suppose -24 = -w - 7. What is the greatest common divisor of 153 and w?
17
Let g = -74 - -161. Calculate the highest common factor of 29 and g.
29
Let u be 3/(1/(-1)) + 31. What is the highest common factor of 140 and u?
28
Let x = -6 + 8. Suppose -x*g = 3*g - 55. Calculate the greatest common factor of 88 and g.
11
Let w = 14 - 16. Let l be 3 - (-4 + w + -1). What is the greatest common factor of l and 110?
10
Let a = -114 - -162. Let m be (-6)/9 + (-24)/(-9). Suppose -m*q + a = q. What is the highest common factor of q and 2?
2
Suppose -15 = -2*l + 39. Suppose 4*b + 9 = 4*f + 49, -2*b + 13 = 5*f. What is the highest common factor of b and l?
9
Let a = -7 - -11. What is the highest common factor of 20 and a?
4
Suppose 3*f + 4*o - 30 = 113, 0 = -o - 4. Suppose 3*u - 188 = -f. What is the highest common factor of u and 9?
9
Let x = 112 + -109. Calculate the highest common divisor of x and 27.
3
Suppose -5*s + 4*s - 4 = 0, 4*w = -s + 4. What is the greatest common factor of 10 and w?
2
Let y be (2/(-4))/((-2)/36). Let m be -4 - (4/1 - 4). Let x = m + y. What is the highest common factor of 1 and x?
1
Suppose 4*g + 3 = 75. Calculate the greatest common factor of 9 and g.
9
Let n(y) = 4*y**2 + y - 3. Let w(d) = -7*d**2 - d + 6. Let k(c) = -5*n(c) - 3*w(c). Let z be k(-3). Calculate the highest common divisor of z and 6.
6
Let x = 13 + -4. Suppose 72 = 7*g + g. Calculate the highest common factor of x and g.
9
Let r(w) = 40*w. Let z be r(1). Suppose -3*g - 5*j + 16 = -32, 0 = 2*j. What is the greatest common divisor of z and g?
8
Let t be 4*-4*(-2)/4. Suppose 0 = 5*m - 72 - t. Let l(z) = -z**2 + 10*z - 8. Let f be l(6). What is the greatest common divisor of m and f?
16
Suppose 0 = -2*s - 7*s + 216. Calculate the highest common divisor of 6 and s.
6
Let x be (27/4)/(2/8). What is the highest common divisor of 45 and x?
9
Let l be (-83)/(-7) - (-8)/56. Calculate the greatest common divisor of l and 4.
4
Suppose -b - b - 4*f = 0, -2*f - 2 = 0. Suppose -s = -b*h + 3*s + 126, 126 = 2*h - s. What is the highest common factor of h and 7?
7
Suppose 4*d - 22 = 58. Let y(u) = 2*u - 16. Suppose -11 = -4*z + 41. Let i be y(z). Calculate the highest common factor of d and i.
10
Suppose -4*k - 29 = 2*w + 29, 0 = k + 2*w + 22. Let m be (-2)/((3 + -1)/k). Calculate the highest common factor of m and 30.
6
Let j be (-1)/(-2) + (-1222)/(-4). Calculate the highest common divisor of 34 and j.
34
Suppose -2*c + 6*c - 24 = 0. Let t be c*(-1 + 0 + 12). What is the highest common factor of 6 and t?
6
Let f be 44/12 + (-2)/(-6). Suppose -p - k = -8, k + 4 = 4*p - 28. What is the highest common divisor of f and p?
4
Suppose -x = -m - 2 + 3, -x + 4 = 0. Let y be (-3)/(-12) + 179/4. Calculate the greatest common factor of y and m.
5
Let j = -10 - -14. What is the highest common factor of j and 36?
4
Suppose -6*w = -2*w - 12. Suppose -w*t + 470 = 182. Calculate the greatest common factor of t and 24.
24
Let j(f) = -f**3 - 6*f**2 - 6*f + 2. Let q be j(-6). Calculate the greatest common divisor of q and 95.
19
Let d = 96 - 1. Suppose -5*i - 3*c + d = 0, 29 = 3*i - i + 3*c. What is the highest common divisor of i and 11?
11
Let x be (16/60)/((-3)/(-15))*21. What is the highest common divisor of x and 7?
7
Let c(u) = -25*u + 3. Let i be c(7). Let l = -96 - i. Suppose -3*o = 2*s - 59, -l = -2*s + 4*o + 4. What is the greatest common factor of s and 17?
17
Let k be (-6)/(-45) - (-28)/15. Suppose k*o - 80 = -2*o. Calculate the greatest common divisor of 30 and o.
10
Suppose 0 = 5*o + 4*h - 13, -3*o + 5*o - 12 = -5*h. Suppose -42 = -5*n - 2*u, -6*n + 26 = -3*n + 2*u. Calculate the greatest common factor of o and n.
1
Suppose -4*u - 210 - 230 = -5*z, -2*z - 3*u = -199. Suppose -11 = -2*k - 1, -5*c + 135 = 4*k. What is the highest common divisor of z and c?
23
Suppose -3*h = -0 - 18. Let p be (h*-1)/(12/(-16)). Calculate the greatest common factor of 88 and p.
8
Let r = -37 - -67. What is the highest common divisor of r and 150?
30
Let w = -106 + 115. Calculate the greatest common divisor of w and 117.
9
Suppose -4*d + 191 = -3*s, 0 = -2*d + s + 75 + 18. What is the greatest common divisor of d and 22?
22
Let u be ((-16)/(-5))/((-2)/15). Suppose 0*t + 171 = -3*a - 3*t, a + 63 = 5*t. Let x = u - a. Calculate the highest common divisor of 51 and x.
17
Suppose -l - 4*l + 29 = a, -35 = -3*a - 2*l. Let k be (3*(-6)/a)/1. Let m = k - -8. Calculate the greatest common factor of 15 and m.
3
Let w be (-2)/(-5) + (-768)/(-5). Suppose -3*c - 81 = -6*c. Suppose 10 = 2*a, -a + c + 6 = 2*y. Calculate the greatest common divisor of y and w.
14
Let v(b) = -b + 16. Let w be v(7). Suppose 2*c + 2 = 2*d, -4*d + 16 - 3 = 5*c. Let m be d/((-4)/594*-3). What is the greatest common divisor of m and w?
9
Let a = 7 - 5. Suppose a*j = -0*j + 28. Let d be 844/j - 6/21. What is the highest common divisor of 20 and d?
20
Suppose